{"version":"1.0","provider_name":"Le Top Webeev","provider_url":"https:\/\/www.webeev.fr\/top","author_name":"Aur\u00e9lien","author_url":"https:\/\/www.webeev.fr\/top\/author\/webeev\/","title":"Classement des destinations des fran\u00e7ais pour les vacances de Printemps","type":"rich","width":600,"height":338,"html":"<blockquote class=\"wp-embedded-content\" data-secret=\"3bQDA1tRrm\"><a href=\"https:\/\/www.webeev.fr\/top\/classement-destinations-francais-vacances-de-printemps\/\">Classement des destinations des fran\u00e7ais pour les vacances de Printemps<\/a><\/blockquote><iframe sandbox=\"allow-scripts\" security=\"restricted\" src=\"https:\/\/www.webeev.fr\/top\/classement-destinations-francais-vacances-de-printemps\/embed\/#?secret=3bQDA1tRrm\" width=\"600\" height=\"338\" title=\"\u00ab\u00a0Classement des destinations des fran\u00e7ais pour les vacances de Printemps\u00a0\u00bb &#8212; Le Top Webeev\" data-secret=\"3bQDA1tRrm\" frameborder=\"0\" marginwidth=\"0\" marginheight=\"0\" scrolling=\"no\" class=\"wp-embedded-content\"><\/iframe><script type=\"text\/javascript\">\n\/*! This file is auto-generated *\/\n!function(c,d){\"use strict\";var e=!1,o=!1;if(d.querySelector)if(c.addEventListener)e=!0;if(c.wp=c.wp||{},c.wp.receiveEmbedMessage);else if(c.wp.receiveEmbedMessage=function(e){var t=e.data;if(!t);else if(!(t.secret||t.message||t.value));else if(\/[^a-zA-Z0-9]\/.test(t.secret));else{for(var r,s,a,i=d.querySelectorAll('iframe[data-secret=\"'+t.secret+'\"]'),n=d.querySelectorAll('blockquote[data-secret=\"'+t.secret+'\"]'),o=new RegExp(\"^https?:$\",\"i\"),l=0;l<n.length;l++)n[l].style.display=\"none\";for(l=0;l<i.length;l++)if(r=i[l],e.source!==r.contentWindow);else{if(r.removeAttribute(\"style\"),\"height\"===t.message){if(1e3<(s=parseInt(t.value,10)))s=1e3;else if(~~s<200)s=200;r.height=s}if(\"link\"===t.message)if(s=d.createElement(\"a\"),a=d.createElement(\"a\"),s.href=r.getAttribute(\"src\"),a.href=t.value,!o.test(a.protocol));else if(a.host===s.host)if(d.activeElement===r)c.top.location.href=t.value}}},e)c.addEventListener(\"message\",c.wp.receiveEmbedMessage,!1),d.addEventListener(\"DOMContentLoaded\",t,!1),c.addEventListener(\"load\",t,!1);function t(){if(o);else{o=!0;for(var e,t,r,s=-1!==navigator.appVersion.indexOf(\"MSIE 10\"),a=!!navigator.userAgent.match(\/Trident.*rv:11\\.\/),i=d.querySelectorAll(\"iframe.wp-embedded-content\"),n=0;n<i.length;n++){if(!(r=(t=i[n]).getAttribute(\"data-secret\")))r=Math.random().toString(36).substr(2,10),t.src+=\"#?secret=\"+r,t.setAttribute(\"data-secret\",r);if(s||a)(e=t.cloneNode(!0)).removeAttribute(\"security\"),t.parentNode.replaceChild(e,t);t.contentWindow.postMessage({message:\"ready\",secret:r},\"*\")}}}}(window,document);\n<\/script>\n","thumbnail_url":"https:\/\/www.webeev.fr\/top\/wp-content\/uploads\/2019\/05\/vacances-vendee.jpg","thumbnail_width":1366,"thumbnail_height":768,"description":"Il reste encore plus d\u2019un moins avant que le printemps ne c\u00e8de sa place \u00e0 l\u2019\u00e9t\u00e9. Si certaines personnes n\u2019ont pas encore profit\u00e9 de leurs vacances, beaucoup l\u2019ont d\u00e9j\u00e0 pass\u00e9 dans un endroit qu\u2019ils ont choisi avec soin. Mais au fait, quelles destinations ont s\u00e9duit les Fran\u00e7ais ce printemps\u2009? Vacances de Printemps en Vend\u00e9e Lors [&hellip;]"}

Aurélien

Classement des destinations des français pour les vacances de Printemps

<blockquote class="wp-embedded-content" data-secret="3bQDA1tRrm"><a href="https://www.webeev.fr/top/classement-destinations-francais-vacances-de-printemps/">Classement des destinations des français pour les vacances de Printemps</a></blockquote><iframe sandbox="allow-scripts" security="restricted" src="https://www.webeev.fr/top/classement-destinations-francais-vacances-de-printemps/embed/#?secret=3bQDA1tRrm" width="600" height="338" title="« Classement des destinations des français pour les vacances de Printemps » &#8212; Le Top Webeev" data-secret="3bQDA1tRrm" frameborder="0" marginwidth="0" marginheight="0" scrolling="no" class="wp-embedded-content"></iframe><script type="text/javascript">
/*! This file is auto-generated */
!function(c,d){"use strict";var e=!1,o=!1;if(d.querySelector)if(c.addEventListener)e=!0;if(c.wp=c.wp||{},c.wp.receiveEmbedMessage);else if(c.wp.receiveEmbedMessage=function(e){var t=e.data;if(!t);else if(!(t.secret||t.message||t.value));else if(/[^a-zA-Z0-9]/.test(t.secret));else{for(var r,s,a,i=d.querySelectorAll('iframe[data-secret="'+t.secret+'"]'),n=d.querySelectorAll('blockquote[data-secret="'+t.secret+'"]'),o=new RegExp("^https?:$","i"),l=0;l<n.length;l++)n[l].style.display="none";for(l=0;l<i.length;l++)if(r=i[l],e.source!==r.contentWindow);else{if(r.removeAttribute("style"),"height"===t.message){if(1e3<(s=parseInt(t.value,10)))s=1e3;else if(~~s<200)s=200;r.height=s}if("link"===t.message)if(s=d.createElement("a"),a=d.createElement("a"),s.href=r.getAttribute("src"),a.href=t.value,!o.test(a.protocol));else if(a.host===s.host)if(d.activeElement===r)c.top.location.href=t.value}}},e)c.addEventListener("message",c.wp.receiveEmbedMessage,!1),d.addEventListener("DOMContentLoaded",t,!1),c.addEventListener("load",t,!1);function t(){if(o);else{o=!0;for(var e,t,r,s=-1!==navigator.appVersion.indexOf("MSIE 10"),a=!!navigator.userAgent.match(/Trident.*rv:11\./),i=d.querySelectorAll("iframe.wp-embedded-content"),n=0;n<i.length;n++){if(!(r=(t=i[n]).getAttribute("data-secret")))r=Math.random().toString(36).substr(2,10),t.src+="#?secret="+r,t.setAttribute("data-secret",r);if(s||a)(e=t.cloneNode(!0)).removeAttribute("security"),t.parentNode.replaceChild(e,t);t.contentWindow.postMessage({message:"ready",secret:r},"*")}}}}(window,document);
</script>

Il reste encore plus d’un moins avant que le printemps ne cède sa place à l’été. Si certaines personnes n’ont pas encore profité de leurs vacances, beaucoup l’ont déjà passé dans un endroit qu’ils ont choisi avec soin. Mais au fait, quelles destinations ont séduit les Français ce printemps ? Vacances de Printemps en Vendée Lors [&hellip;]
